3301121002?
-23301121002
In base 2, what is 11010101110101001010100100 - -101?
11010101110101001010101001
In base 16, what is 189278 + -22?
189256
In base 2, what is -100011011 - 10011000010111001?
-10011000111010100
In base 12, what is -1359a3 - -20?
-135983
In base 7, what is 2540254 + 363?
2540650
In base 2, what is 100110100001001010 + -10010?
100110100000111000
In base 13, what is -bc1 - 5403a?
-54c2b
In base 3, what is -2102220212 - 1202121?
-2111200110
In base 10, what is 11963 + -5144?
6819
In base 2, what is 100100100011011 - 1111001110?
100010101001101
In base 4, what is -1 - 10100012331?
-10100012332
In base 6, what is 102302425 - -15?
102302444
In base 8, what is -645466522 + 0?
-645466522
In base 14, what is -36799c5 - 8?
-36799cd
In base 11, what is -1773a5 + -2554?
-179949
In base 14, what is -270d + d?
-2700
In base 7, what is -1114 + -213356?
-214503
In base 7, what is 0 + -12356125?
-12356125
In base 2, what is 100000000001 + 1001010101001?
1101010101010
In base 11, what is -47 - -435026?
434a8a
In base 9, what is 166 + 1130424?
1130601
In base 15, what is 10d7d2 + 5?
10d7d7
In base 10, what is 0 + 2907171?
2907171
In base 2, what is -10001010011101001110001 + -10110?
-10001010011101010000111
In base 5, what is -23224110 + 2324?
-23221231
In base 6, what is 15401455401 - 13?
15401455344
In base 2, what is -11100001100101 + -11001100111?
-11111011001100
In base 10, what is -806681 - 396?
-807077
In base 15, what is b27557 - -58?
b275b0
In base 15, what is 2 + -71623d?
-71623b
In base 14, what is -7298 + a27?
-6671
In base 4, what is 11033 - -20122132?
20133231
In base 13, what is -4 + -172a821?
-172a825
In base 11, what is -6a3441 + 64?
-6a3388
In base 3, what is -10010112 - -12122210?
2112021
In base 12, what is -3 + 405995b?
4059958
In base 3, what is 1222110101200221 - -11?
1222110101201002
In base 2, what is -1001101011011100000 + -111000?
-1001101011100011000
In base 5, what is 122100040 + -114?
122044421
In base 9, what is -4 + -8275602?
-8275606
In base 6, what is 12155034225 + -1?
12155034224
In base 16, what is 222 - -20cf?
22f1
In base 9, what is -323 - -208704?
208371
In base 4, what is -103201 + 1022112?
312311
In base 12, what is 5381433 - 1?
5381432
In base 13, what is -9c - 4410c5?
-441194
In base 12, what is 194919 - 245?
194694
In base 11, what is -2387a - -634?
-23246
In base 6, what is -12 - 1004302451?
-1004302503
In base 7, what is 51 + 6624305?
6624356
In base 7, what is 13162 - -10025?
23220
In base 14, what is -2386 - 29cd?
-4d75
In base 2, what is 1001010001001010 + -100111100111?
1000101001100011
In base 3, what is 1001121121022 - 10120?
1001121110202
In base 2, what is -1001111001100001110101 + 101?
-1001111001100001110000
In base 13, what is -4535b00 - c?
-4535b0c
In base 11, what is 4630 + 37334?
40964
In base 15, what is -65 - -1a3a1b?
1a39a6
In base 3, what is -201221 - -2012001120?
2011022122
In base 16, what is -16 + -2db0e1?
-2db0f7
In base 2, what is -1110001 - 1101011001011001111?
-1101011001101000000
In base 4, what is -212120011002 + -301?
-212120011303
In base 10, what is 1359786 - 30?
1359756
In base 4, what is -11231030 - -2102131?
-3122233
In base 3, what is -221220 + -212020120?
-220012110
In base 9, what is 142821 - 1160?
141651
In base 8, what is 2 + -21161605?
-21161603
In base 11, what is -148453203 - 3?
-148453206
In base 8, what is -1735673 + 1?
-1735672
In base 11, what is -10132 + 264?
-a979
In base 3, what is 1001 - -1022120020000?
1022120021001
In base 4, what is 110011 + -323203?
-213132
In base 16, what is -3 - bd00f?
-bd012
In base 15, what is -10 + 87c244?
87c234
In base 14, what is -227a - -5857?
35bb
In base 12, what is 4 - 1a91b8a0?
-1a91b898
In base 7, what is -420 + -3144663?
-3145413
In base 2, what is -11100001 - 1000001011011001101?
-1000001011110101110
In base 4, what is 1 + 102311232120?
102311232121
In base 15, what is 1409 - 78b?
b6d
In base 16, what is 1403004 - -2?
1403006
In base 15, what is -819ee2 + -3?
-819ee5
In base 15, what is -2861e3e - 2?
-2861e41
In base 6, what is 1 + -200152440?
-200152435
In base 13, what is 44393 + 27?
443ba
In base 12, what is 215 + 12983?
12b98
In base 8, what is -2 + 101715425?
101715423
In base 5, what is 2 - 22334042112?
-22334042110
In base 16, what is -251d + -de?
-25fb
In base 16, what is -18cb02 - -a0?
-18ca62
In base 15, what is -d + -1698eb?
-169909
In base 15, what is 3075d + 35e?
30abc
In base 11, what is -662 - -2782?
2120
In base 7, what is 1 - 52606161?
-52606160
In base 9, what is -4 - 7783243?
-7783247
In base 12, what is -30 - 10101?
-10131
In base 6, what is 200530 - 4143?
152343
In base 13, what is 6ac4c5 - 11?
6ac4b4
In base 11, what is 9 + 2114626?
2114634
In base 2, what is 100010001101 + 10100001110101?
11000100000010
In base 4, what is 11032331013 - 33?
11032330320
In base 7, what is 0 - -35644245?
35644245
In base 14, what is 310199 - 1?
310198
In base 3, what is -12 + 10210221002?
10210220220
In base 14, what is a12 + -3ad24?
-3a312
In base 8, what is 4430 + 267001?
273431
In base 5, what is -323 - 4424031?
-4424404
In base 2, what is -10110000 + 11101100001110?
11101001011110
In base 6, what is 3 - -3532053045?
3532053052
In base 3, what is 10212 + 122101121?
122112110
In base 2, what is 11001 + -11011110010111001100?
-11011110010110110011
In base 3, what is 11 - -201020002200200?
201020002200211
In base 10, what is -1 + -5777402?
-5777403
In base 9, what is 1 + -14822301?
-14822300
In base 10, what is -1494774662 - 3?
-1494774665
In base 5, what is -20010 - 2244?
-22304
In base 15, what is -10b7 - -212a?
1063
In base 7, what is -1 + -44501653?
-44501654
In base 4, what is -111223131323 - -1022?
-111223130301
In base 2, what is -111100001000100101 + -100000?
-111100001001000101
In base 14, what is -6 + -1cd357a?
-1cd3582
In base 12, what is -18 - 4429630?
-4429648
In base 11, what is 9224 + 1691?
a905
In base 6, what is -222245051 - 0?
-222245051
In base 14, what is 7539 - 19c?
737b
In base 12, what is 545 + 2a377?
2a900
In base 14, what is -47a195 + -c?
-47a1a3
In base 7, what is -63 + 1441216?
1441123
In base 10, what is -149127 - 353?
-149480
In base 4, what is -1010221300332 - -3?
-1010221300323
In base 11, what is -a968 + 6034?
-4934
In base 4, what is 2 - -3233311102111?
3233311102113
In base 7, what is 10250131 - 1?
10250130
In base 12, what is 1 + 1033770a?
1033770b
In base 11, what is a5857 - -a9?
a5955
In base 12, what is -2 + 46799b7?
46799b5
In base 16, what is 2dcc1a - -8?
2dcc22
In base 13, what is 0 + -168b4253?
-168b4253
In base 10, what is -19874 + -85531?
-105405
In base 10, what is -5950 + 6926?
976
In base 11, what is -312a0 + -340?
-31630
In base 12, what is -1306 - -788?
-73a
In base 14, what is -6b6 + 868b9?
86203
In base 16, what is 489b - -9ee1?
e77c
In base 14, what is -149268 - 72?
-1492da
In base 13, what is -222 - -52b8c?
5296a
In base 14, what is -8c - 2035?
-20c3
In base 2, what is -100110101111011 - 1110011?
-100110111101110
In base 10, what is -11 + -1046855?
-1046866
In base 3, what is -10 + 112121210002?
112121202222
In base 16, what is 1 - -54de7f?
54de80
In base 12, what is -5 + 2a89838?
2a89833
In base 8, what is 5 + 1746517223?
1746517230
In base 4, what is 21 + 30013122?
30013203
In base 13, what is -98054 - -29?
-98028
In base 10, what is 664762 + -21?
664741
In base 10, what is -1 + -8325028?
-8325029
In base 13, what is -534 - 5475?
-59a9
In base 2, what is -100 - -1100010111101111101101001?
1100010111101111101100101
In base 4, what is 101320310 - 203?
101320101
In base 3, what is 10020 - -100021011102102?
100021011112122
In base 15, what is 1c20cda - -7?
1c20ce2
In base 3, what is 11020001 + -1111021021?
-1100001020
In base 9, what is -674 - 738681?
-740465
In base 2, what is -110111110001 - 100101011000100?
-101100010110101
In base 3, what is -22002111200011020 - -2?
-22002111200011011
In base 10, what is 946 + 38559?
39505
In base 7, what is -60556 + -30262?
-121151
In base 15, what is -a912d8 - 5?
-a912dd
In base 14, what is 1 + 2686c5?
2686c6
In base 4, what is 1310002 + -211010?
1032332
In base 12, what is 88 + -1a715?
-1a649
In base 13, what is -32ac3a - 3?
-32ac40
In base 15, what is -532 - -9657d?
9604b
In base 10, what is -108073 + -8838?
-1